{"id":23,"date":"2026-04-02T07:47:27","date_gmt":"2026-04-02T07:47:27","guid":{"rendered":"http:\/\/www.meridianoconvive.org\/?page_id=23"},"modified":"2026-04-03T20:21:49","modified_gmt":"2026-04-03T20:21:49","slug":"nuestro-proyecto","status":"publish","type":"page","link":"http:\/\/www.meridianoconvive.org\/?page_id=23","title":{"rendered":"Nuestro proyecto"},"content":{"rendered":"\n<p>El Ayuntamiento ha sacado un <a href=\"https:\/\/www.madrid.es\/portales\/munimadrid\/es\/Inicio\/Vivienda-urbanismo-y-obras\/Urbanismo\/Gestiones-y-tramites\/Cohousing-concesion-demanial-de-viviendas-colaborativas-para-mayores\/?vgnextoid=b6df1cc4df6a7910VgnVCM2000001f4a900aRCRD&amp;vgnextchannel=1f3ac8eb248fe410VgnVCM1000000b205a0aRCRD\" target=\"_blank\" rel=\"noreferrer noopener\">concurso de parcelas dedicadas a experiencias piloto en senior cohousing<\/a>, en r\u00e9gimen de cesi\u00f3n de uso, durante 75 a\u00f1os, y Meridiano se ha presentado con un proyecto a la de Ciudad Lineal. Tras la concesi\u00f3n, se prev\u00e9 que la edificaci\u00f3n est\u00e9 concluida en 2029.<\/p>\n\n\n\n<p>Nuestro proyecto consta de 40 apartamentos de dos dormitorios m\u00e1s las zonas comunes y ajardinadas, con huerto incluido. Todos los espacios estar\u00e1n adaptados para facilitar la movilidad. El edificio tendr\u00eda una calificaci\u00f3n energ\u00e9tica superior.<\/p>\n\n\n\n<p>Todav\u00eda quedan algunas plazas por adjudicar a personas voluntariosas con ganas de participar, de colaborar y de compartir.<br><\/p>\n\n\n\n<figure class=\"wp-block-image size-full\"><img loading=\"lazy\" decoding=\"async\" width=\"950\" height=\"290\" src=\"http:\/\/www.meridianoconvive.org\/wp-content\/uploads\/2026\/04\/Alzado.jpg\" alt=\"\" class=\"wp-image-51\" srcset=\"http:\/\/www.meridianoconvive.org\/wp-content\/uploads\/2026\/04\/Alzado.jpg 950w, http:\/\/www.meridianoconvive.org\/wp-content\/uploads\/2026\/04\/Alzado-300x92.jpg 300w, http:\/\/www.meridianoconvive.org\/wp-content\/uploads\/2026\/04\/Alzado-768x234.jpg 768w\" sizes=\"auto, (max-width: 950px) 100vw, 950px\" \/><\/figure>\n\n\n\n<figure class=\"wp-block-image size-full\"><img loading=\"lazy\" decoding=\"async\" width=\"675\" height=\"430\" src=\"http:\/\/www.meridianoconvive.org\/wp-content\/uploads\/2026\/04\/Vista_edificio.png\" alt=\"\" class=\"wp-image-52\" srcset=\"http:\/\/www.meridianoconvive.org\/wp-content\/uploads\/2026\/04\/Vista_edificio.png 675w, http:\/\/www.meridianoconvive.org\/wp-content\/uploads\/2026\/04\/Vista_edificio-300x191.png 300w\" sizes=\"auto, (max-width: 675px) 100vw, 675px\" \/><\/figure>\n\n\n\n<figure class=\"wp-block-image size-large\"><img loading=\"lazy\" decoding=\"async\" width=\"1024\" height=\"560\" src=\"http:\/\/www.meridianoconvive.org\/wp-content\/uploads\/2026\/04\/Terraza-1024x560.jpg\" alt=\"\" class=\"wp-image-49\" srcset=\"http:\/\/www.meridianoconvive.org\/wp-content\/uploads\/2026\/04\/Terraza-1024x560.jpg 1024w, http:\/\/www.meridianoconvive.org\/wp-content\/uploads\/2026\/04\/Terraza-300x164.jpg 300w, http:\/\/www.meridianoconvive.org\/wp-content\/uploads\/2026\/04\/Terraza-768x420.jpg 768w, http:\/\/www.meridianoconvive.org\/wp-content\/uploads\/2026\/04\/Terraza.jpg 1144w\" sizes=\"auto, (max-width: 1024px) 100vw, 1024px\" \/><\/figure>\n","protected":false},"excerpt":{"rendered":"<p>El Ayuntamiento ha sacado un concurso de parcelas dedicadas a experiencias piloto en senior cohousing, en r\u00e9gimen de cesi\u00f3n de uso, durante 75 a\u00f1os, y Meridiano se ha presentado con un proyecto a la de Ciudad Lineal. Tras la concesi\u00f3n, se prev\u00e9 que la edificaci\u00f3n est\u00e9 concluida en 2029. Nuestro proyecto consta de 40 apartamentos [&hellip;]<\/p>\n","protected":false},"author":1,"featured_media":0,"parent":95,"menu_order":0,"comment_status":"closed","ping_status":"closed","template":"","meta":{"pagelayer_contact_templates":[],"_pagelayer_content":"","footnotes":""},"class_list":["post-23","page","type-page","status-publish","hentry"],"_links":{"self":[{"href":"http:\/\/www.meridianoconvive.org\/index.php?rest_route=\/wp\/v2\/pages\/23","targetHints":{"allow":["GET"]}}],"collection":[{"href":"http:\/\/www.meridianoconvive.org\/index.php?rest_route=\/wp\/v2\/pages"}],"about":[{"href":"http:\/\/www.meridianoconvive.org\/index.php?rest_route=\/wp\/v2\/types\/page"}],"author":[{"embeddable":true,"href":"http:\/\/www.meridianoconvive.org\/index.php?rest_route=\/wp\/v2\/users\/1"}],"replies":[{"embeddable":true,"href":"http:\/\/www.meridianoconvive.org\/index.php?rest_route=%2Fwp%2Fv2%2Fcomments&post=23"}],"version-history":[{"count":6,"href":"http:\/\/www.meridianoconvive.org\/index.php?rest_route=\/wp\/v2\/pages\/23\/revisions"}],"predecessor-version":[{"id":136,"href":"http:\/\/www.meridianoconvive.org\/index.php?rest_route=\/wp\/v2\/pages\/23\/revisions\/136"}],"up":[{"embeddable":true,"href":"http:\/\/www.meridianoconvive.org\/index.php?rest_route=\/wp\/v2\/pages\/95"}],"wp:attachment":[{"href":"http:\/\/www.meridianoconvive.org\/index.php?rest_route=%2Fwp%2Fv2%2Fmedia&parent=23"}],"curies":[{"name":"wp","href":"https:\/\/api.w.org\/{rel}","templated":true}]}}